{"id":4684,"date":"2019-04-22T19:09:12","date_gmt":"2019-04-22T18:09:12","guid":{"rendered":"https:\/\/lacoma.com\/productos\/mitjana-vertical-de-24\/"},"modified":"2019-07-02T11:14:28","modified_gmt":"2019-07-02T10:14:28","slug":"mitja-vertical-de-24","status":"publish","type":"productos","link":"https:\/\/lacoma.com\/ca\/productes\/mitja-vertical-de-24\/","title":{"rendered":"Mitja vertical de 24"},"content":{"rendered":"<p>Aquestes peces s&#8217;utilitzen per intentar no tallar un bloc, i ajustar la longitud del mur amb les peces base. Es fabriquen 2 peces unides, de manera que caldr\u00e0 separar-les mitjan\u00e7ant tall previ en obra amb la paleta. D&#8217;altra banda, Aquestes peces juntament amb les peces de terminaci\u00f3 s&#8217;empren per obrir buits en un mur (portes i finestres), i a m\u00e9s s\u00f3n molt pr\u00e0ctiques per a determinades trobades entre murs, com s\u00f3n les cantonades, i trobades de murs en TERMOARCILLA, quan els murs que s&#8217;uneixen s\u00f3n de diferent gruix.<\/p>\n","protected":false},"featured_media":2839,"template":"","class_list":["post-4684","productos","type-productos","status-publish","has-post-thumbnail","hentry","producto-termoarcilla","producto-termoarcilla-de-24"],"acf":[],"_links":{"self":[{"href":"https:\/\/lacoma.com\/ca\/wp-json\/wp\/v2\/productos\/4684","targetHints":{"allow":["GET"]}}],"collection":[{"href":"https:\/\/lacoma.com\/ca\/wp-json\/wp\/v2\/productos"}],"about":[{"href":"https:\/\/lacoma.com\/ca\/wp-json\/wp\/v2\/types\/productos"}],"wp:featuredmedia":[{"embeddable":true,"href":"https:\/\/lacoma.com\/ca\/wp-json\/wp\/v2\/media\/2839"}],"wp:attachment":[{"href":"https:\/\/lacoma.com\/ca\/wp-json\/wp\/v2\/media?parent=4684"}],"curies":[{"name":"wp","href":"https:\/\/api.w.org\/{rel}","templated":true}]}}

<p>Aquestes peces s&#8217;utilitzen per intentar no tallar un bloc, i ajustar la longitud del mur amb les peces base. Es fabriquen 2 peces unides, de manera que caldrà separar-les mitjançant tall previ en obra amb la paleta. D&#8217;altra banda, Aquestes peces juntament amb les peces de terminació s&#8217;empren per obrir buits en un mur (portes i finestres), i a més són molt pràctiques per a determinades trobades entre murs, com són les cantonades, i trobades de murs en TERMOARCILLA, quan els murs que s&#8217;uneixen són de diferent gruix.</p>
