{"id":5243,"date":"2019-08-13T09:37:44","date_gmt":"2019-08-13T08:37:44","guid":{"rendered":"https:\/\/lacoma.com\/obra\/nou-centre-civic-nord-a-igualada\/"},"modified":"2019-08-13T09:37:44","modified_gmt":"2019-08-13T08:37:44","slug":"nou-centre-civic-nord-a-igualada","status":"publish","type":"avada_portfolio","link":"https:\/\/lacoma.com\/ca\/obra-ca\/nou-centre-civic-nord-a-igualada\/","title":{"rendered":"Nou Centre C\u00edvic Nord a Igualada"},"content":{"rendered":"<p>Construcci\u00f3 de l&#8217;edifici del nou Centre C\u00edvic Nord a Igualada amb blocs Termoarcilla.<br \/>\nSegons l&#8217;alcalde, aquest nou equipament &#8220;vol acabar d&#8217;equilibrar el municipi pel que fa a la distribuci\u00f3 dels equipaments c\u00edvics i els serveis que s&#8217;ofereixen a la ciutadania&#8221;.<\/p>\n","protected":false},"excerpt":{"rendered":"<p>Construcci\u00f3 de l&#8217;edifici del nou Centre C\u00edvic Nord a Igualada amb blocs Termoarcilla. Segons l&#8217;alcalde, aquest nou equipament &#8220;vol acabar d&#8217;equilibrar el municipi pel que fa a la distribuci\u00f3 dels equipaments c\u00edvics i els serveis que s&#8217;ofereixen a la ciutadania&#8221;.<\/p>\n","protected":false},"author":3,"featured_media":5228,"menu_order":0,"comment_status":"open","ping_status":"closed","template":"","format":"standard","meta":{"_acf_changed":false,"footnotes":""},"portfolio_category":[148],"portfolio_skills":[],"portfolio_tags":[],"class_list":["post-5243","avada_portfolio","type-avada_portfolio","status-publish","format-standard","has-post-thumbnail","hentry","portfolio_category-termoarcilla-ca"],"acf":[],"_links":{"self":[{"href":"https:\/\/lacoma.com\/ca\/wp-json\/wp\/v2\/avada_portfolio\/5243","targetHints":{"allow":["GET"]}}],"collection":[{"href":"https:\/\/lacoma.com\/ca\/wp-json\/wp\/v2\/avada_portfolio"}],"about":[{"href":"https:\/\/lacoma.com\/ca\/wp-json\/wp\/v2\/types\/avada_portfolio"}],"author":[{"embeddable":true,"href":"https:\/\/lacoma.com\/ca\/wp-json\/wp\/v2\/users\/3"}],"replies":[{"embeddable":true,"href":"https:\/\/lacoma.com\/ca\/wp-json\/wp\/v2\/comments?post=5243"}],"version-history":[{"count":0,"href":"https:\/\/lacoma.com\/ca\/wp-json\/wp\/v2\/avada_portfolio\/5243\/revisions"}],"wp:featuredmedia":[{"embeddable":true,"href":"https:\/\/lacoma.com\/ca\/wp-json\/wp\/v2\/media\/5228"}],"wp:attachment":[{"href":"https:\/\/lacoma.com\/ca\/wp-json\/wp\/v2\/media?parent=5243"}],"wp:term":[{"taxonomy":"portfolio_category","embeddable":true,"href":"https:\/\/lacoma.com\/ca\/wp-json\/wp\/v2\/portfolio_category?post=5243"},{"taxonomy":"portfolio_skills","embeddable":true,"href":"https:\/\/lacoma.com\/ca\/wp-json\/wp\/v2\/portfolio_skills?post=5243"},{"taxonomy":"portfolio_tags","embeddable":true,"href":"https:\/\/lacoma.com\/ca\/wp-json\/wp\/v2\/portfolio_tags?post=5243"}],"curies":[{"name":"wp","href":"https:\/\/api.w.org\/{rel}","templated":true}]}}

Nou Centre Cívic Nord a Igualada

<p>Construcció de l&#8217;edifici del nou Centre Cívic Nord a Igualada amb blocs Termoarcilla.<br />
Segons l&#8217;alcalde, aquest nou equipament &#8220;vol acabar d&#8217;equilibrar el municipi pel que fa a la distribució dels equipaments cívics i els serveis que s&#8217;ofereixen a la ciutadania&#8221;.</p>

<p>Construcció de l&#8217;edifici del nou Centre Cívic Nord a Igualada amb blocs Termoarcilla. Segons l&#8217;alcalde, aquest nou equipament &#8220;vol acabar d&#8217;equilibrar el municipi pel que fa a la distribució dels equipaments cívics i els serveis que s&#8217;ofereixen a la ciutadania&#8221;.</p>
